r when 8646576 is divided by 8646569.
7
Calculate the remainder when 42171660 is divided by 5579.
5578
What is the remainder when 59765 is divided by 1413?
419
Calculate the remainder when 54347780 is divided by 23.
22
What is the remainder when 1651461 is divided by 4915?
21
Calculate the remainder when 7433334 is divided by 36259.
239
What is the remainder when 7531781 is divided by 24296?
21
What is the remainder when 6039940 is divided by 109817?
5
Calculate the remainder when 96271 is divided by 289.
34
Calculate the remainder when 193105 is divided by 123.
118
Calculate the remainder when 12011356 is divided by 121326.
82
What is the remainder when 363507 is divided by 181732?
43
What is the remainder when 592417 is divided by 3085?
97
Calculate the remainder when 32275 is divided by 1467.
1
Calculate the remainder when 1615836 is divided by 807321.
1194
What is the remainder when 95485 is divided by 1494?
1363
Calculate the remainder when 110393 is divided by 55135.
123
What is the remainder when 76036 is divided by 37884?
268
What is the remainder when 1239369 is divided by 154915?
49
Calculate the remainder when 27734 is divided by 256.
86
What is the remainder when 80800 is divided by 121?
93
Calculate the remainder when 3079361 is divided by 205287.
56
Calculate the remainder when 191384 is divided by 47845.
4
Calculate the remainder when 59124409 is divided by 2228.
2201
Calculate the remainder when 540041 is divided by 77148.
5
What is the remainder when 201319 is divided by 491?
9
Calculate the remainder when 2957597 is divided by 82155.
17
What is the remainder when 18984163 is divided by 247?
237
What is the remainder when 36308202 is divided by 1252006?
28
What is the remainder when 735182 is divided by 7498?
378
Calculate the remainder when 95434 is divided by 442.
404
What is the remainder when 763050 is divided by 254157?
579
What is the remainder when 691704 is divided by 230564?
12
Calculate the remainder when 22113438 is divided by 18.
6
Calculate the remainder when 11066976 is divided by 4934.
14
Calculate the remainder when 124447576 is divided by 62223779.
18
Calculate the remainder when 496191 is divided by 66.
3
Calculate the remainder when 5213002 is divided by 347.
21
Calculate the remainder when 182740995 is divided by 1000.
995
What is the remainder when 217942 is divided by 135?
52
Calculate the remainder when 2132408 is divided by 143.
135
What is the remainder when 143788 is divided by 47842?
262
Calculate the remainder when 4848354 is divided by 29563.
22
Calculate the remainder when 1335648 is divided by 7104.
96
What is the remainder when 29095 is divided by 4988?
4155
Calculate the remainder when 53184 is divided by 2936.
336
What is the remainder when 809331971 is divided by 1553?
1551
What is the remainder when 365622 is divided by 125?
122
Calculate the remainder when 1030233 is divided by 514971.
291
What is the remainder when 1255669 is divided by 240?
229
What is the remainder when 6572 is divided by 515?
392
What is the remainder when 14510 is divided by 6305?
1900
What is the remainder when 754448 is divided by 47078?
1200
Calculate the remainder when 2026892 is divided by 123.
98
Calculate the remainder when 527731 is divided by 524550.
3181
What is the remainder when 16193051 is divided by 8096484?
83
What is the remainder when 183723 is divided by 502?
493
Calculate the remainder when 39109 is divided by 39016.
93
What is the remainder when 29802471 is divided by 827846?
15
Calculate the remainder when 614016 is divided by 541.
522
Calculate the remainder when 9383244 is divided by 3127732.
48
What is the remainder when 8783431 is divided by 302876?
27
What is the remainder when 9509944 is divided by 195?
184
Calculate the remainder when 43014192 is divided by 81776.
16
Calculate the remainder when 2831903 is divided by 1415876.
151
What is the remainder when 140680 is divided by 35162?
32
What is the remainder when 38529 is divided by 390?
309
Calculate the remainder when 2742081 is divided by 526.
43
What is the remainder when 134426 is divided by 75?
26
What is the remainder when 10821 is divided by 9682?
1139
What is the remainder when 670430527 is divided by 770?
767
What is the remainder when 1847467 is divided by 27562?
813
What is the remainder when 52870601 is divided by 1069?
1068
Calculate the remainder when 212955 is divided by 70955.
90
What is the remainder when 17915565 is divided by 3010?
45
What is the remainder when 2259740 is divided by 4329?
2
What is the remainder when 3322133 is divided by 4132?
5
What is the remainder when 295707 is divided by 59042?
497
Calculate the remainder when 5812745 is divided by 1186.
159
What is the remainder when 1411013 is divided by 310?
203
What is the remainder when 25558229 is divided by 19?
18
Calculate the remainder when 4595417 is divided by 2632.
2577
Calculate the remainder when 3435784 is divided by 1773.
1483
Calculate the remainder when 1243028 is divided by 4229.
3931
Calculate the remainder when 1480349 is divided by 834.
833
Calculate the remainder when 181143 is divided by 180992.
151
What is the remainder when 1991345 is divided by 181030?
15
What is the remainder when 124402987 is divided by 41467661?
4
What is the remainder when 101565 is divided by 101468?
97
What is the remainder when 9591 is divided by 298?
55
What is the remainder when 272077 is divided by 11727?
2356
What is the remainder when 264018389 is divided by 3331?
3329
Calculate the remainder when 2817822 is divided by 42057.
3
What is the remainder when 2115006 is divided by 1078?
1048
Calculate the remainder when 19779519 is divided by 1258.
1243
What is the remainder when 15351024 is divided by 2847?
0
What is the remainder when 839651 is divided by 209894?
75
What is the remainder when 17438432 is divided by 3294?
3290
Calculate the remainder when 19767906 is divided by 12464.
2
Calculate the remainder when 120384 is divided by 1036.
208
Calculate the remainder when 13415 is divided by 11727.
1688
Calculate the remainder when 350146 is divided by 5740.
6
What is the remainder when 22996678 is divided by 20?
18
What is the remainder when 2622723 is divided by 2622722?
1
What is the remainder when 354887 is divided by 698?
303
What is the remainder when 3631722 is divided by 232?
226
Calculate the remainder when 379159 is divided by 379121.
38
What is the remainder when 1846047 is divided by 1191?
1188
What is the remainder when 96165 is divided by 566?
511
Calculate the remainder when 46531 is divided by 44850.
1681
What is the remainder when 4156680 is divided by 1385336?
672
Calculate the remainder when 7218591 is divided by 46.
41
What is the remainder when 77364 is divided by 38581?
202
Calculate the remainder when 491606 is divided by 271.
12
Calculate the remainder when 104760 is divided by 103154.
1606
Calculate the remainder when 111003 is divided by 5548.
43
What is the remainder when 56026596 is divided by 55859?
19
Calculate the remainder when 515674 is divided by 1790.
154
What is the remainder when 579957 is divided by 5808?
4965
Calculate the remainder when 150792 is divided by 548.
92
Calculate the remainder when 6159998 is divided by 980.
698
Calculate the remainder when 460187 is divided by 288.
251
Calculate the remainder when 222825 is divided by 588.
561
Calculate the remainder when 669974 is divided by 271.
62
What is the remainder when 613234 is divided by 50?
34
Calculate the remainder when 1733951 is divided by 433377.
443
Calculate the remainder when 18944659 is divided by 3478.
3471
Calculate the remainder when 428733 is divided by 214364.
5
Calculate the remainder when 5307419 is divided by 34.
19
Calculate the remainder when 15918 is divided by 2203.
497
Calculate the remainder when 2880320 is divided by 16649.
43
What is the remainder when 10871361 is divided by 2317?
2314
What is the remainder when 3002627 is divided by 600525?
2
What is the remainder when 10058660 is divided by 30?
20
Calculate the remainder when 335843 is divided by 83958.
11
What is the remainder when 61162820 is divided by 1893?
1883
Calculate the remainder when 12790535 is divided by 264.
263
Calculate the remainder when 798012 is divided by 9852.
0
Ca